n)?
7
Suppose -19*y = -122 - 68. Let m(q) = 5*q**2 - 20*q + 81. What is the tens digit of m(y)?
8
Let h(s) = 37*s**3 - s**2 - 3*s - 6. Let a be h(3). Suppose -4*f + 5*n = -3*f - 343, 0 = -3*f - 3*n + a. What is the hundreds digit of f?
3
Suppose -5*d + 9*d = 2*t + 6350, -5*d - t = -7955. Suppose -d = -4*b + 2*o, -b + 3*b - 807 = -3*o. What is the tens digit of b?
9
Let p(c) = 11*c - 34*c + 74 + 0*c + 25*c**2 + c**3. What is the tens digit of p(-25)?
4
Suppose -28*d - 64419 + 672081 + 1315294 = 0. What is the ten thousands digit of d?
6
Let n(c) = 13*c**2 + 32*c - 3. Let g be 12/(-6)*(-44)/(-8). Let z be n(g). Suppose -19*i - z = -25*i. What is the tens digit of i?
0
Let s(f) = 46 - 5*f - 6*f - 9*f - 3*f. Let b be s(-5). Suppose 511 + b = 4*j. What is the units digit of j?
8
Let v(b) = 35*b - 48. Let x be ((-6)/4)/(201/(-48) - -4). What is the units digit of v(x)?
2
Let i be 22/8 + (-11)/(-44) + -7. What is the units digit of ((-2)/i)/(21/4452)?
6
Let k = 314 + -311. Suppose -3*l = 3, -k*a + 33*l - 34*l + 380 = 0. What is the hundreds digit of a?
1
What is the tens digit of (2246/12)/(8 - (-29152)/(-3648))?
3
Suppose 2515 = 27*o - 26*o - 2*h, 0 = -2*o - 5*h + 5066. What is the hundreds digit of o?
5
Let z(m) = 2*m + 8. Let h be z(-7). Let y(w) = -w**3 - 5*w**2 - 3*w + 9. Let q be y(h). Let v = -45 + q. What is the tens digit of v?
1
Let l(y) = 20*y + 7 + 388*y**2 - 29 - 374*y**2 - y**3. Let n be l(15). Suppose 49*f - n*f + 840 = 0. What is the units digit of f?
0
Let n(s) = -431*s + 36. Let t(z) = 144*z - 14. Let y(m) = -3*n(m) - 8*t(m). What is the hundreds digit of y(1)?
1
Let h = 964 - -678. Let f = h + -1099. What is the units digit of f?
3
Let l be 5/3*(-20)/50*18. Let n = -41 + 71. Let b = n + l. What is the tens digit of b?
1
Suppose 2*t - 3 = -u + 6, 9 = u - 3*t. Suppose -312 - 120 = -u*r. What is the tens digit of r?
4
Suppose 2*b = 30 + 20. Suppose -15*z + b = -4040. What is the tens digit of z?
7
Suppose -39*z + z = -43282. Let h = 1727 - z. What is the units digit of h?
8
Let i(p) = 517*p - 17. Let n be i(1). Suppose 40 = 5*g - 4*s - 1207, 2*s + n = 2*g. What is the tens digit of g?
4
Let n = -7113 - -36863. What is the hundreds digit of n?
7
Let h(n) = -357*n + 11630. What is the units digit of h(-122)?
4
Let r(y) = 2*y**2 + 2*y - 1. Let l be r(2). Let o(v) = 6*v - 62. Let k be o(l). Suppose -k*x = 10 - 62. What is the units digit of x?
3
Let s = -19590 - -67642. What is the ten thousands digit of s?
4
Let x be ((-18)/(-21))/((-102)/(-21) + -5). Let q be 4120/15 + (-2)/x. Suppose 2*p = -5*n + q, -4*p = -2*n - 3*n - 565. What is the tens digit of p?
4
Let m(s) = -s**3 + 14*s**2 + 19*s + 23. Let o be m(11). Let h = o - 377. What is the tens digit of (-1 + (-15)/(-10))*h?
0
Suppose 608304 + 739656 - 407942 = 89*j. What is the tens digit of j?
6
Suppose -5*r - 397 = 5998. Let q = r + 2182. What is the hundreds digit of q?
9
Suppose -780763 = -62*z - 125954 + 809507. What is the units digit of z?
8
Suppose -66*f = -112*f - 71*f + 2469636. What is the hundreds digit of f?
1
Suppose -4*v + 29*v - 38000 = 0. Suppose 4*u = 4*s - v, -3*s - 1150 = -6*s - 2*u. What is the tens digit of s?
8
Let t(f) = 104*f - 7. Let i be t(4). Let g be 0 + (-1 + i)*10/20. Let b = g + -101. What is the tens digit of b?
0
Let n(d) = 22*d - 5. Let z = 390 - 384. What is the hundreds digit of n(z)?
1
What is the units digit of 4586 - (65/13 + 1)?
0
Suppose -4*h + 44981 - 12652 = -56443. What is the hundreds digit of h?
1
Suppose -623110 = -22*b - 34742. What is the thousands digit of b?
6
Suppose 2033 - 8489 = -2*n - 5*b, -b = -5*n + 16140. Let f be (-6)/10 - (2 + n/(-5)). Suppose f = 6*l + 85. What is the tens digit of l?
9
Let l be -1 - (3/(-3) - -1)/(-2). Let u(w) = -544*w + 3. Let m be u(l). Suppose m = 7*h - 328. What is the tens digit of h?
2
Let z(a) = a**3 - 8*a**2 + 15*a - 4. Let t be z(5). What is the hundreds digit of 24/(t - (-1 - 19/6))?
1
Let h(a) = -3*a - 6. Let b be h(-8). Suppose -3*l + 18 = -72. Suppose -l = -u + b. What is the tens digit of u?
4
Suppose 539251 + 99663 = 51*k + 11716. What is the ten thousands digit of k?
1
What is the hundreds digit of (-102 - -103)/(2/16006)?
0
Suppose 2580 = 70*g - 58*g. What is the units digit of g?
5
Let p be (-30)/(-40) - (-10)/8. Suppose -22*s + 48 = p*s. What is the units digit of s?
2
Let n be (2/4)/((-32)/320). Let u be 0/n*4/(-8). Suppose -5*i + 4*m + 1429 = u, -2*i + 4*m + 859 = i. What is the units digit of i?
5
Let i(r) = r**3 - 2*r**2 - 11*r + 13917. What is the thousands digit of i(0)?
3
Let z(j) = -6 - 39*j + 117*j - 38*j - 45*j. Let c be z(0). Let s(i) = -i**3 - 5*i**2 - 8*i - 14. What is the tens digit of s(c)?
7
Let x be 0 - -3 - (-4)/(4/(-1)). Suppose x*l = -3*g + 1, 2*g - 8 + 2 = -4*l. What is the tens digit of 23*(1 + 1) + g + -2?
4
Let n = -14415 - -30009. What is the thousands digit of n?
5
What is the units digit of 1668*(88/(-308))/(6/(-112))?
6
What is the units digit of 13931 - 0 - (-7)/(21/(-9))?
8
Suppose 0 = -24*t + 5*t + 57. Suppose 5*q + t*u = 2353, -q - 3*u = -0*u - 461. What is the tens digit of q?
7
Suppose -10793 - 32411 = -55*i + 127186. What is the tens digit of i?
9
Let a(h) = -5*h - 77 - 26*h + 36*h - 24*h. What is the tens digit of a(-5)?
1
Suppose -5*y - 29*f + 83605 = -30*f, 11*y - 3*f = 183931. What is the tens digit of y?
2
Let m = 585 - 599. Let v(i) = -80*i + 29. What is the units digit of v(m)?
9
Suppose -2*o - 20344 = 2*o - 59900. What is the units digit of o?
9
Let l(u) = -4*u**2 + 8*u - 23. Let w(o) = -3*o**2 + 8*o - 22. Let c(m) = 2*l(m) - 3*w(m). Let q be c(-13). Suppose 565 + q = 6*b. What is the units digit of b?
3
Let y(t) = -334*t - 56. Let n(u) = -4*u**2 + 10*u - 10. Let w be n(1). What is the thousands digit of y(w)?
1
Let q(c) = 9*c**2 - 38 + 7*c - 7*c**2 - 2*c. Let g be q(-12). Suppose g = 2*h - 102. What is the units digit of h?
6
Let s = 9701 - 5350. What is the units digit of s?
1
Let x be 4 - 434/6 - (-4)/3. Let a = x - -435. What is the units digit of a?
8
Suppose -146*z = -37*z - 17048 - 546918. What is the hundreds digit of z?
1
Let q(c) = 352*c + 682. What is the thousands digit of q(19)?
7
Let s = 35 - 73. Let x = -39 - s. What is the tens digit of 95 + -10 + x/(2 - 1)?
8
Let w = 50 - 50. Suppose w = 16*l - 91 - 3637. What is the units digit of l?
3
Let r = 70520 - 38710. What is the thousands digit of r?
1
Suppose 0 = 5*j - 2*h - 7253, 4*h = -36 + 40. What is the hundreds digit of j?
4
Suppose 0*d = d. Suppose 0 = x - 2*g, 5*g + d*g = 5. Let v = 10 - x. What is the units digit of v?
8
Let p(l) = -10 - 6*l**2 + 2*l + 0*l**3 - 21*l + 44*l - l**3. What is the units digit of p(-12)?
4
What is the ten thousands digit of -22136*((-80)/(-8) + 42/(-4))?
1
Let o be (284/(-6))/(12/(-36)). Suppose 5*g = 3*s + 104 - 320, -2*s + o = -4*g. Suppose 4*k + 4*a = 404, 3*a + s + 232 = 3*k. What is the units digit of k?
2
Suppose 2*w + 10 = 4*j, 2*w + 3*j = 4 + 14. Suppose w*v + 4*h = 848, -2*h + 3*h = 5*v - 1375. What is the units digit of v?
6
What is the ten thousands digit of (-5 + -9480)/(3*(-7)/42)?
1
Let r(n) = 11*n**3 - 7*n**2 + 18*n - 19. Suppose -3*l + 11 = -1. What is the hundreds digit of r(l)?
6
Let w = -31 + 33. What is the tens digit of w/(-2) + -34*26/(-4)?
2
Let o(g) = 6*g**2 - 26*g - 3973. What is the tens digit of o(76)?
0
Let b = 155 + -140. Suppose b*y - 8*y - 2653 = 0. What is the hundreds digit of y?
3
Suppose 38*l = 35*l + 1233. Suppose 7*w + 96 - l = 0. Suppose k + 0 = 2*t + 11, -3*k + 3*t = -w. What is the tens digit of k?
1
Suppose -2*a = -5*x + 8245, 3*x + 2594 = -3*a + 7562. Let w = x - 937. What is the units digit of w?
4
Let q(t) = -25*t**2 + 6*t - 24. Let k(v) = -38*v**2 + 10*v - 36. Let n(j) = 5*k(j) - 8*q(j). What is the tens digit of n(2)?
5
Let w be 25/(7 + -12) + 409. Let d = -586 + 339. Let i = d + w. What is the units digit of i?
7
Let d(x) = -x**3 - 12*x**2 - 11*x + 3. Let c be d(-11). Suppose 1765 = c*k + 169. What is the units digit of k?
2
Let i = -119 + 53. Let r = 114 + i. Suppose -288 + r = -4*k. What is the units digit of k?
0
Let k = 3479 + 3533. What is the hundreds digit of k?
0
Let i(p) = -p**3 + 16*p**2 - 23*p + 96. Let n be (-207)/(-18) - (-18)/12. What is the tens digit of i(n)?
0
Let t be (29 + -32)*(-